e 2*(-3)/(-2) - 1. Suppose 4*a - l*a - 106 = 0. Suppose -r - 4*b + a = 2*r, 0 = 5*r + 3*b - 92. List the prime factors of r.
19
Let h(j) = -3*j**3 + 3*j**2 + j - 2. Let d be h(3). Let a = d + 122. What are the prime factors of a?
3, 23
Let j(p) = -p**2. Let t be j(-3). Let a(k) = 2*k + 9. Let g be a(t). What are the prime factors of ((-18)/(-4))/(g/(-24))?
2, 3
Suppose -29 = 5*q + 51. Let h be q/32 + (-7)/(-2). Suppose -5*o + 3*o = h*j - 39, 4*o - 65 = -5*j. List the prime factors of j.
13
What are the prime factors of 22/77 + 2098/7?
2, 3, 5
What are the prime factors of 5484 - (-6 + (7 - 36/6))?
11, 499
Suppose 0 = -14*d - 6562 + 20478. What are the prime factors of d?
2, 7, 71
Suppose 0 = -y + 3*j - 2*j - 14, -y + 5*j = 30. Let u be 3/((-6)/4) + 2. What are the prime factors of y/(-2) - (u - 1)?
2, 3
Let r be (-1)/4 + (-99)/(-44). Suppose -5*z = -r*s - 0*s - 677, -4*s + 131 = z. Suppose -63 = -3*q + z. List the prime factors of q.
2, 3, 11
What are the prime factors of ((-1)/2)/((-9)/2592)?
2, 3
Suppose 3*x = -2*u - x, 3*x = -5*u. Suppose 0*f + 110 = 4*j + 2*f, -2*f - 10 = u. Let p = j - 14. What are the prime factors of p?
2
Let r be 2/3*189/18. Suppose -6*p = -r*p + 32. What are the prime factors of p?
2
Suppose -2*i - 2 - 2 = d, i - 4 = -2*d. What are the prime factors of (-251)/(-3) - i/(-6)?
83
Suppose l + 5*n = 21, n = -0*l + 3*l - 63. Suppose -5*j + l = 2*a - 0*j, 0 = -4*j + 12. What are the prime factors of a?
3
Let r be (0 + -4)/4 + 1. Suppose r = -5*n - 30. List the prime factors of (42/(-35))/(n/40).
2
Suppose 4*f - 2*l = -469 - 155, 0 = 4*f - l + 626. Let g = -38 - f. What are the prime factors of g?
7, 17
What are the prime factors of (-505)/(123/328 - (-11)/(-8))?
5, 101
Let o = 8808 + -5935. List the prime factors of o.
13, 17
Suppose 21*r - 704 = 17*r. Suppose 6*i - r = -2*i. What are the prime factors of i?
2, 11
Let c be 4 + (-3)/(-6)*4. What are the prime factors of ((-76)/c)/(12/(-54))?
3, 19
Let y be (-6)/14 - (-34)/14. Suppose y*p - 5*p + 357 = n, -2*p - 5*n = -225. Suppose 7*x = 9*x - p. What are the prime factors of x?
2, 3, 5
Suppose -2394*d = -2390*d - 14172. What are the prime factors of d?
3, 1181
Suppose 0 = -2*t - 4*a + 8 - 2, -4*a - 15 = -5*t. Suppose -2*d - 12 = -t*d. List the prime factors of d/18 - 272/(-6).
2, 23
Let i(r) = -16*r - 44. List the prime factors of i(-11).
2, 3, 11
Suppose 66*m - 24311 + 2663 = 0. List the prime factors of m.
2, 41
Suppose -2 + 3 = o. Let y(k) = 63*k**3 + 2*k - 1. Let p be y(o). Suppose 2*n = -2*n + p. What are the prime factors of n?
2
Let y be 13/2*(-1 + 3). Suppose -2*z + y = -11. What are the prime factors of z?
2, 3
Let f = -10 + 12. Let u(y) = -5*y**2 + 15*y**2 + 3*y - 4*y + 18*y**f. What are the prime factors of u(1)?
3
Let f(c) be the third derivative of 61*c**6/120 + c**5/60 - 13*c**2. What are the prime factors of f(1)?
2, 31
Let k = 442 + 56. List the prime factors of k.
2, 3, 83
Let k be (-286)/(-65) - (-2)/(-5). Suppose s + 3 = 0, 3*l - k*s = 7*l + 24. What are the prime factors of ((-74)/4)/(l/12)?
2, 37
Let m be (9/12)/((-2)/(-24)). What are the prime factors of -1 - -51 - m/(-3)?
53
Let s = 94 + 136. What are the prime factors of s?
2, 5, 23
Suppose 79*u = 80*u + 54. Let h = 72 + u. What are the prime factors of h?
2, 3
Let z(c) = -c**3 + 3*c**2 + 2*c - 4. Let i be z(3). Let p = -144 - -262. Suppose -3*u - i*u = o - p, -5*o - 100 = -5*u. List the prime factors of u.
23
Let n(a) = 2*a**3 - 5*a**2 + 4*a + 15. What are the prime factors of n(10)?
5, 311
Suppose 0 = 4*x - 63 - 49. Suppose -5*y - 3*k = k - 116, 3*k = 2*y - x. What are the prime factors of y?
2, 5
Suppose 0 = -2*n - 8 - 22. Let v = 56 + -83. Let x = n - v. List the prime factors of x.
2, 3
Suppose -5*p = -4*p - 7. Suppose -p*j + 180 = -4*j. Let q = j + -25. List the prime factors of q.
5, 7
What are the prime factors of (-6097)/(-28) + 4/16?
2, 109
Let i(r) = -r**2 - 2*r - 1. Let h be i(-1). Suppose h = -u + 3*u - 8. Suppose 4 + 42 = 2*v + s, -5*v - u*s + 118 = 0. What are the prime factors of v?
2, 11
Let x(a) = 4*a**2 - 4*a + 2. Let h be x(2). Let s(t) = t**2 - 8*t + 13. List the prime factors of s(h).
3, 11
Suppose -2*l - 2 = -2*n, 0*n + n + 4*l + 24 = 0. Let t = n - 9. Let s = 24 + t. What are the prime factors of s?
11
Let b be 27060/42 - 2/7. Suppose 10*s - b - 1286 = 0. What are the prime factors of s?
193
Let y be (70/(-15))/(-7)*9. Suppose 4*m - y = 3*m. Suppose m = -4*j + 202. What are the prime factors of j?
7
Let h(g) be the first derivative of g**5/20 + 3*g**4/4 + g**3/2 - g**2/2 - 9*g - 1. Let u(k) be the first derivative of h(k). List the prime factors of u(-8).
3, 13
Let h(d) = -8*d - 3. Let g be h(-1). Suppose n + g*n - 768 = 0. List the prime factors of n.
2
Suppose 8745 = 120*n - 115*n. What are the prime factors of n?
3, 11, 53
Suppose -5*w = 3*x - 0*w - 285, 4*x + w = 363. Suppose -2*d + x = 3*d. List the prime factors of d.
2, 3
Let p(f) = -f**2 - 3*f + 2. Let c be p(-2). Suppose c*m + 32 = 4*j, 5*m = -4*j + 8 - 21. What are the prime factors of 2/(m - -3)*-9?
3
Let h(d) be the third derivative of 3*d**4 + 7*d**3/6 - 5*d**2. Let l be h(3). What are the prime factors of l/6 + (-3)/18?
37
Let d = 9 - 13. Let p be 16/(-24)*(d - -1). Suppose 6*u = 2*u - 4, -p*u - 44 = -2*i. List the prime factors of i.
3, 7
Let z(p) = -5*p**2 + 3*p - 3. Let u be z(2). Let x = u + 67. What are the prime factors of x?
2, 5
List the prime factors of -2*17916/(-24)*(3 - 1).
2, 1493
Suppose 0 = 21*b - 17*b + 2096. Let k = b - -749. Suppose 6*g - k = g + 2*m, -5*g + 215 = -4*m. List the prime factors of g.
47
Suppose -4*z + 5328 = -4*d, 2*d - 2669 = -2*z - d. List the prime factors of z.
31, 43
Let j(c) be the first derivative of -c**2/2 - 9*c + 2. Let n be j(-8). List the prime factors of 30*(n - (-7)/5).
2, 3
Let c(w) = 4*w - 116. List the prime factors of c(32).
2, 3
Let a = 13 - 8. Let w(y) = 0*y - a + 2*y**2 - 3*y + 5. List the prime factors of w(2).
2
Let d be 9/(-5)*10/(-3). Suppose -x + 3 = -d. Let q = x + 9. What are the prime factors of q?
2, 3
Let v = -500 + 503. List the prime factors of v.
3
Let v = 41 + -41. Suppose -2*j - 4*b + 348 = -0*j, v = b. List the prime factors of j.
2, 3, 29
Let m = -24 + 24. Let b be (0 + 2)*(m + -1). Let s(h) = 6*h**2 - 5*h - 5. List the prime factors of s(b).
29
Let o be 79/3 - (-2)/(-6). Let r = -160 - -162. Suppose o = f - r*z, 4*z + 0*z = -f + 20. List the prime factors of f.
2, 3
Let t(l) = -l**2 + 5*l - 9. Let y be t(9). Let f = 60 + y. What are the prime factors of f?
3, 5
Let c = -53 + 56. Suppose c*q - 283 - 128 = 0. What are the prime factors of q?
137
Let n(x) = 3*x**3 - 2*x**2 + 4*x - 10. Let r be n(3). Suppose r = 5*f - 95. List the prime factors of f.
2
List the prime factors of 9*365*18/135.
2, 3, 73
Suppose -3*y = 3*d, 5*y = -3*d - 6 - 2. Suppose -101 = -3*b + 3*c + 211, d*c = -b + 94. Suppose -x - b = -4*x. What are the prime factors of x?
2, 17
Let j = -1155 - -1299. What are the prime factors of j?
2, 3
Suppose -2*g - 21 = 5*y, 0*y - 19 = -2*g + 3*y. Suppose -39 = -g*p + 1. What are the prime factors of p?
2, 5
Let r = 4 + -3. Let l be r/((-48)/(-46) - 1). Suppose l = 4*q - 33. What are the prime factors of q?
2, 7
Let f = 74 + -40. Suppose 0 = 3*h - 80 - f. Let m = -16 + h. What are the prime factors of m?
2, 11
List the prime factors of (171496/14)/17 - 4/7.
2, 3, 5
Let i be 3 + 121 + 1 + 2. Let t = 300 - i. What are the prime factors of t?
173
Let g = -2732 + 5028. What are the prime factors of g?
2, 7, 41
Let t = 18 - 14. Suppose -t*x = -19 + 3. Suppose 25 + 74 = 3*y + 3*g, 5*y + x*g = 170. List the prime factors of y.
2, 19
Let q = 23 + -19. What are the prime factors of (6/q)/(5/120)?
2, 3
Suppose 22 = t + 4*a, -2*a + 2 = -t - 0*t. Let d be t/(6 + -4) + 140. Let p = d - 95. List the prime factors of p.
2, 3
Let j(c) = c**3 - 5*c**2 - 14*c - 3. What are the prime factors of j(11)?
569
Let f(z) = 11*z**2 + 4*z + 32. What are the prime factors of f(-12)?
2, 7
Suppose 5*t - k = 3*t + 9, 5*t - 5*k - 30 = 0. Suppose 5*l - 228 = 3*s - s, -l + t*s = -43. What are the prime factors of l?
2, 23
Let y = 6794 + -3760. What are the prime factors of y?
2, 37, 41
Let x(k) = -k**3 - 9*k**2 - 4*k + 7. Let c be x(-6). Let b = 81 + c. What are the prim